{"id":70,"date":"2018-09-18T02:59:42","date_gmt":"2018-09-18T02:59:42","guid":{"rendered":"https:\/\/easylex.000webhostapp.com\/?page_id=70"},"modified":"2019-05-13T21:50:29","modified_gmt":"2019-05-13T21:50:29","slug":"capital-social","status":"publish","type":"page","link":"https:\/\/stagingwp.easylex.com\/startup101\/capital-social\/","title":{"rendered":"Capital Social"},"content":{"rendered":"<h2>Capital social<\/h2>\n<p>El Capital Social es el total de dinero que aportan t\u00fa y tus socios a tu Startup, imagina que el Capital Social se distribuye de la siguiente forma:\n<\/p>\n<div class=\"table-overflow\">\n<table style=\"table-collapse: collapse; border: 2px solid #d1f4f8;\" width=\"595\" cellspacing=\"0\" cellpadding=\"4\">\n<colgroup>\n<col style=\"border: 2px solid #d1f4f8;\" width=\"130\" \/>\n<col style=\"border: 2px solid #d1f4f8;\" width=\"136\" \/>\n<col style=\"border: 2px solid #d1f4f8;\" width=\"99\" \/>\n<col style=\"border: 2px solid #d1f4f8;\" width=\"101\" \/>\n<col style=\"border: 2px solid #d1f4f8;\" width=\"87\" \/> <\/colgroup>\n<tbody>\n<tr>\n<td rowspan=\"2\" valign=\"middle\" align=\"center\" width=\"130\" height=\"27\">\nAccionistas\n<\/td>\n<td width=\"136\" height=\"60\" valign=\"middle\" align=\"center\" style=\"border: 2px solid #d1f4f8;\">\n Parte Fija\n<\/td>\n<td colspan=\"2\" height=\"60\" width=\"208\" valign=\"middle\" align=\"center\" style=\"border: 2px solid #d1f4f8;\">\n Parte Variable\n<\/td>\n<td rowspan=\"2\" width=\"87\" valign=\"middle\" align=\"center\">\nPorcentaje\n<\/td>\n<\/tr>\n<tr>\n<td width=\"136\" valign=\"middle\" align=\"center\" style=\"background-color: #d1f4f8;\">\nAcciones<br \/>\nserie \u201cA\u00bb\n<\/td>\n<td width=\"99\" valign=\"middle\" align=\"center\" style=\"background-color: #d1f4f8;\">\nAcciones<br \/>\nserie \u201cB\u201d\n<\/td>\n<td width=\"101\" valign=\"middle\" align=\"center\" style=\"background-color: #d1f4f8;\">\nAcciones<br \/>\nserie \u201cC\u201d\n<\/td>\n<\/tr>\n<tr style=\"border: 0;\">\n<td valign=\"middle\" height=\"60\" align=\"center\" style=\"border-color: transparent!important;\">\nRodr\u00edgo\n<\/td>\n<td valign=\"middle\" height=\"60\" align=\"center\" style=\"border-color: transparent!important;\">\n30,000\n<\/td>\n<td valign=\"middle\" height=\"60\" align=\"center\" style=\"border-color: transparent!important;\">\n-0-\n<\/td>\n<td valign=\"middle\" height=\"60\" align=\"center\" style=\"border-color: transparent!important;\">\n14,000\n<\/td>\n<td valign=\"middle\" height=\"60\" align=\"center\" style=\"border-color: transparent!important;\">\n44%\n<\/td>\n<\/tr>\n<tr style=\"border: 0;\">\n<td valign=\"middle\" height=\"60\" align=\"center\" style=\"border-color: transparent!important;\">\nAndrea\n<\/td>\n<td valign=\"middle\" height=\"60\" align=\"center\" style=\"border-color: transparent!important;\">\n5,000\n<\/td>\n<td valign=\"middle\" height=\"60\" align=\"center\" style=\"border-color: transparent!important;\">\n44,000\n<\/td>\n<td valign=\"middle\" height=\"60\" align=\"center\" style=\"border-color: transparent!important;\">\n-0-\n<\/td>\n<td valign=\"middle\" height=\"60\" align=\"center\" style=\"border-color: transparent!important;\">\n49%\n<\/td>\n<\/tr>\n<tr style=\"border: 0;\">\n<td valign=\"middle\" height=\"60\" align=\"center\" style=\"border-color: transparent!important;\">\nAlberto\n<\/td>\n<td valign=\"middle\" height=\"60\" align=\"center\" style=\"border-color: transparent!important;\">\n5,000\n<\/td>\n<td valign=\"middle\" height=\"60\" align=\"center\" style=\"border-color: transparent!important;\">\n-0-\n<\/td>\n<td valign=\"middle\" height=\"60\" align=\"center\" style=\"border-color: transparent!important;\">\n2,000\n<\/td>\n<td valign=\"middle\" height=\"60\" align=\"center\" style=\"border-color: transparent!important;\">\n7%\n<\/td>\n<\/tr>\n<tr style=\"border: 0;\">\n<td height=\"60\" valign=\"middle\" align=\"center\" style=\"border-color: transparent!important;\">\nTotales\n<\/td>\n<td height=\"60\" valign=\"middle\" align=\"center\" style=\"border-color: transparent!important;\">\n40,000\n<\/td>\n<td height=\"60\" valign=\"middle\" align=\"center\" style=\"border-color: transparent!important;\">\n44,000\n<\/td>\n<td height=\"60\" valign=\"middle\" align=\"center\" style=\"border-color: transparent!important;\">\n16,000\n<\/td>\n<td height=\"60\" valign=\"middle\" align=\"center\" style=\"border-color: transparent!important;\">\n100%\n<\/td>\n<\/tr>\n<\/tbody>\n<\/table>\n<\/div>\n<p>Ya sabemos, son demasiados conceptos y n\u00fameros, pero ah\u00ed te va una r\u00e1pida explicaci\u00f3n:<\/p>\n<div style=\"border-left: 2px solid #d1f4f8; padding-left: 20px; margin-left: 60px;\">\n<p style=\"margin-bottom: 10px!important;\"><b>Accionistas:<\/b> son todos los socios que aportan dinero.<\/p>\n<p style=\"margin-bottom: 10px!important;\"><b>Parte fija:<\/b> es el capital m\u00ednimo que no puede retirarse y que puede aumentarse cuando entren nuevos Accionistas.<\/p>\n<p style=\"margin-bottom: 10px!important;\"><b>Parte variable:<\/b> es la parte del capital que puede aumentarse y tambi\u00e9n disminuirse. Es el dinero que se utiliza para las operaciones diarias de tu Startup (pagar n\u00f3mina, pagar renta, etc.)<\/p>\n<p style=\"margin-bottom: 10px!important;\"><b>Acciones:<\/b> el Capital Social se divide en acciones (con el mismo o diferente valor)<\/p>\n<p><b>Serie:<\/b> las series de Acciones existen porque cada Serie puede tener un valor y derechos diferentes.<br \/>\n<b>Porcentaje<\/b>: es el pedacito que cada Accionista tiene de tu Startup, dependiendo de las Acciones de las que sea due\u00f1o.<\/p>\n<\/div>\n<p>En el ejemplo anterior:<\/p>\n<p align=\"justify\">1. <strong>Todas las Acciones tienen valor de $1.00<\/strong>, entonces cada accionista aport\u00f3 las siguientes cantidades de dinero:<\/p>\n<p>Rodrigo: <strong>$44,000.00<\/strong><br \/>\nAndrea: <strong>$49,000.00<\/strong><br \/>\nAlberto: <strong>$7,000.00<\/strong><\/p>\n<p align=\"justify\">2. El <b>Capital M\u00ednimo Fijo es de $40,000.00<\/b> y est\u00e1 representado por las <b>Acciones de la Serie \u201cA\u201d<\/b>.<\/p>\n<p align=\"justify\">3. El <b>Capital Variable es de $60,000.00<\/b> y est\u00e1 representado por las <b>Acciones Serie \u201cB\u201d y Serie \u201cC\u201d<\/b>.<\/p>\n","protected":false},"excerpt":{"rendered":"<p>Capital social El Capital Social es el total de dinero que aportan t\u00fa y tus socios a tu Startup, imagina que el Capital Social se distribuye de la siguiente forma: Accionistas Parte Fija Parte Variable Porcentaje Acciones serie \u201cA\u00bb Acciones serie \u201cB\u201d Acciones serie \u201cC\u201d Rodr\u00edgo 30,000 -0- 14,000 44% Andrea 5,000 44,000 -0- 49% [&hellip;]<\/p>\n","protected":false},"author":1,"featured_media":0,"parent":0,"menu_order":0,"comment_status":"closed","ping_status":"closed","template":"","meta":{"footnotes":""},"class_list":["post-70","page","type-page","status-publish","hentry"],"_links":{"self":[{"href":"https:\/\/stagingwp.easylex.com\/startup101\/wp-json\/wp\/v2\/pages\/70","targetHints":{"allow":["GET"]}}],"collection":[{"href":"https:\/\/stagingwp.easylex.com\/startup101\/wp-json\/wp\/v2\/pages"}],"about":[{"href":"https:\/\/stagingwp.easylex.com\/startup101\/wp-json\/wp\/v2\/types\/page"}],"author":[{"embeddable":true,"href":"https:\/\/stagingwp.easylex.com\/startup101\/wp-json\/wp\/v2\/users\/1"}],"replies":[{"embeddable":true,"href":"https:\/\/stagingwp.easylex.com\/startup101\/wp-json\/wp\/v2\/comments?post=70"}],"version-history":[{"count":45,"href":"https:\/\/stagingwp.easylex.com\/startup101\/wp-json\/wp\/v2\/pages\/70\/revisions"}],"predecessor-version":[{"id":373,"href":"https:\/\/stagingwp.easylex.com\/startup101\/wp-json\/wp\/v2\/pages\/70\/revisions\/373"}],"wp:attachment":[{"href":"https:\/\/stagingwp.easylex.com\/startup101\/wp-json\/wp\/v2\/media?parent=70"}],"curies":[{"name":"wp","href":"https:\/\/api.w.org\/{rel}","templated":true}]}}